 + 60. What is the tens digit of x?
3
Suppose -4*r - w - 12 = 2*w, 4*r + 20 = -w. Let x(m) be the first derivative of -m**2/2 + 13*m - 4. What is the units digit of x(r)?
9
Suppose 0 = -2*m + 62 - 328. Let z = -79 - m. What is the units digit of z?
4
Let o(k) = 3*k + 6. Let v be o(3). Let r be 18/4 + 1/2. Suppose 2*x = -r*q + 67 - 2, 5*q = v. What is the units digit of x?
5
Suppose -5*g - 3*k = 6006, -2*g + k + 0*k = 2398. What is the hundreds digit of (9/(-6))/(9/g)?
2
Let m be (35/15)/(-7)*-6. Let v(u) = 52*u - 15. What is the tens digit of v(m)?
8
Let g(a) = 2 - 16*a**2 + a**3 + 10*a - 10*a. What is the units digit of g(16)?
2
Suppose 53*b - 50*b = 0, 0 = -2*t + 3*b + 2754. What is the tens digit of t?
7
What is the tens digit of 2*1 - (-7551)/(-27)*-6?
8
Let v(x) = 2*x**2 - 2*x + 2. Suppose -2*n - 10 = 3*c, c = -3*n - 9 - 6. Let l be v(c). Suppose -i + 195 = l*i. What is the units digit of i?
5
Let o = 8943 + -6374. What is the tens digit of o?
6
Let m(u) = u + 27. Let f be m(24). Suppose 4*j - 222 = -3*h, j + f = h - 16. What is the tens digit of h?
7
Suppose t = 5*q + 7, 0 = 4*t - 0*q - 4*q - 12. What is the units digit of ((-13)/(-26))/(1/t)?
1
Suppose 5*o - 2652 = -3*j, 2*o = 26*j - 24*j + 1048. What is the units digit of o?
8
Let k(v) = v**2 + 28*v + 105. What is the units digit of k(17)?
0
Let s be (2 - 11/3)*-171. Suppose 2*d + d - s = 0. Let c = d - 65. What is the units digit of c?
0
Let r(o) = -o**2 - 8*o + 7. Let b be r(-5). Suppose 0 = 3*k - 4*y - 22, -7*k = -2*k - 3*y - b. Suppose k*h = 38 + 12. What is the tens digit of h?
2
Suppose 0 = 4*u - 0*u - 72. Let p = u - 14. What is the units digit of (2/p)/((-2)/(-4))?
1
Suppose 5*z - 2*a = 4008, -4*z + 2*a + 2497 = -711. What is the tens digit of z?
0
Let u(a) = 10*a**2 - 2*a - 21. Let q be u(6). Let m = q + -225. What is the tens digit of m?
0
Suppose -37*x = -42*x + 135. Let o = x - 12. What is the units digit of o?
5
Suppose g = 5 - 2. Suppose -h + 16 = g*h. Suppose h*m + m - i = 238, m = 4*i + 59. What is the tens digit of m?
4
What is the units digit of 0 + (-6)/33 + 9354/22?
5
Let m(h) = h**2 + 15*h + 15. Let k(u) = u**2 + 16*u + 16. Let v(g) = 3*k(g) - 4*m(g). Let i be v(-11). What is the units digit of -4 - (4 - -52)/i?
2
Let u(t) = -146*t**3 - 6*t**2 - 6*t - 14. What is the thousands digit of u(-3)?
3
Let t = -25 + 19. Let y(n) = 109*n - 3. Let l be y(t). What is the units digit of l/(-18) + 1/(-2)?
6
Let i be 854/(-21)*3/(-2). Let p = 138 - i. What is the tens digit of p?
7
Suppose -5*s - 1 + 6 = 0. What is the units digit of 6/(-4)*(-5 - s)?
9
Let l = -281 + 315. What is the units digit of l?
4
Let m = 48 - 3. Let v be (m + -1)*4/16. Suppose -2*u - 5*n = -3*u + v, 0 = 5*u + 5*n - 175. What is the units digit of u?
1
Let v(w) = 2*w. Let r be v(2). Suppose -r*x - 54 = -746. What is the tens digit of x?
7
Suppose -72 = -7*h - 198. Let d = 35 + h. What is the units digit of d?
7
Let z(s) = 8*s + 52. Let m be z(-14). Let l = -11 - m. What is the units digit of l?
9
Let j be 1 + 1*128 - 3. Suppose 11 - j = -5*n. What is the tens digit of n?
2
Let q(f) = -2*f + 3. Let k be q(-6). Let o = -2 + 7. Let z = k - o. What is the units digit of z?
0
Suppose 0 = -5*x + 486 + 5109. What is the thousands digit of x?
1
Suppose 131*q + 6184 = 133*q. What is the units digit of q?
2
Let z(y) be the third derivative of y**4/12 - 10*y**3/3 + 3*y**2. Let f be z(12). What is the units digit of f/(5 + -1)*10?
0
Let k(w) = 20*w**2 - 62*w - 124. What is the thousands digit of k(16)?
4
Suppose 8*k - 1668 = 2*k. What is the tens digit of k?
7
Suppose 0 = -5*q + 2*j + 623, 5*q = -0*q - 2*j + 627. Suppose 2*p = -4*v + 50, 5*p - q = -2*v - 2*v. What is the units digit of p?
5
Suppose d - 13 = -4*d - x, -12 = -4*x. What is the tens digit of d*57 - (7 - 5)?
1
Let b(d) = d**2 + 10*d + 2. Let x be b(-9). Let p = x + 15. Let q = 33 - p. What is the units digit of q?
5
Suppose -9510 = 483*p - 485*p. What is the tens digit of p?
5
Let m be (18 - 0)*11/(-3). Suppose 0 = 3*z + 2*k + 310, -4*z + 3*z - 100 = -k. Let x = m - z. What is the tens digit of x?
3
Suppose 7*a + 53 = -269. What is the tens digit of ((-2)/(-1))/(-2)*(a - -28)?
1
Let f = 7 - 5. Suppose -o + f + 0 = 0. What is the units digit of (8 + 0)*o - 2?
4
Suppose -2*g - 3 - 1 = 0. Let s be g/2 + 4 + -3. Suppose o - 39 + 1 = s. What is the tens digit of o?
3
Let f(i) = i**2 + 9*i - 2. Let t be (4/3)/(12/(-72)). Let s be (3/(-6) + 0)*t. What is the units digit of f(s)?
0
Let b = -265 + 100. Let p = -89 - b. What is the tens digit of p?
7
Let t be ((-170)/(-25))/((-2)/(-5)). Suppose 4*z = t + 3. Suppose b = z - 0. What is the units digit of b?
5
Suppose -100*j + 106*j = 5106. What is the hundreds digit of j?
8
Let k(x) = -x**3 - 5*x**2 - 5*x - 7. Suppose -5*d + 40 = -0*d. Suppose -4*r - d - 12 = 0. What is the units digit of k(r)?
8
Suppose 5*u = -4*n + 19, u - 6*u + 4*n + 11 = 0. What is the tens digit of (u/(-4))/((-9)/468)?
3
Suppose 9*r = 13*r - 5240. What is the units digit of r?
0
Let f = -420 + 474. What is the tens digit of f?
5
Let w(m) = m**3 - 21*m**2 - 9*m + 9. What is the tens digit of w(22)?
9
Let t = 77 - 129. Let m = t + 94. What is the tens digit of m?
4
Suppose x - 1 = 2. Suppose -20 = -z - x*z. What is the units digit of z?
5
Suppose -2*h = -2*f - 14, 5*f + 11 = -h - 0*f. Let t be 1 - h - -79*1. Suppose -4*x - z = -7*x + 61, -t = -3*x - 2*z. What is the units digit of x?
2
Let r = -917 + 1557. What is the hundreds digit of r?
6
Let m = 22 - 4. Suppose 0*j + 2*j = m. Let p(n) = -n**2 + 10*n - 3. What is the units digit of p(j)?
6
Let k be ((-4)/6)/(6/(-36)). Suppose -4*d - 716 = -k*h, -131 - 68 = -h - 3*d. What is the hundreds digit of h?
1
Let a = -1 + 1. Suppose -50*l = -64*l + 56. Suppose -4*u + g = -53, a = -l*u - 0*u - 2*g + 38. What is the tens digit of u?
1
Let p = -296 + 194. Let u = p + 244. What is the hundreds digit of u?
1
Let p(k) = -k**2 - 14*k - 14. Let h be p(-13). Let s be 23*(-1)/h + -3. Let t = s + -8. What is the tens digit of t?
1
Let n(f) = 11*f + 9. Let o be n(4). Suppose -842 = -5*q + o. What is the units digit of q?
9
Let a(d) = -d**2 + 9*d + 1. Let u be a(9). Let p = u + 31. What is the tens digit of 6/(-3*(-2)/p)?
3
Suppose -4*w - 133 = 11. Let b(n) = -4*n - 54. Let f be b(-6). Let l = f - w. What is the units digit of l?
6
Suppose -4*g + 505 + 1551 = 0. What is the hundreds digit of g?
5
Suppose 5*r + 10 = 0, -5*r + 0*r - 30 = -4*w. Suppose 5*l = 0, -w*c - l - 32 = -777. What is the hundreds digit of c?
1
Let a be ((-20)/3)/((-10)/15). Let h be (-32)/(-5) + 6/a. Suppose -29 = -h*k + 20. What is the units digit of k?
7
Let k = 1080 + -286. What is the tens digit of k?
9
Suppose 0 = -i - 2*m + 890, 7*i - 3*i = 2*m + 3520. What is the units digit of i?
2
Let k be (-2)/(-8) - (-41)/(-4). Let z = 36 + 8. Let v = k + z. What is the units digit of v?
4
Let i = 774 - 133. What is the hundreds digit of i?
6
Let o(b) = -b**3 + 7*b**2 + 11*b - 3. Let h be o(8). Let y = 22 + h. What is the tens digit of y?
4
Suppose 3*l + 4*d - 553 - 1203 = 0, 2*d = 2*l - 1166. What is the hundreds digit of l?
5
Let b(s) = 6*s**2 - 10*s - 6. Let w be b(-6). Let p = w - 129. What is the hundreds digit of p?
1
Suppose -20 = d + 4*d, 2*d + 7 = -i. Let w = 35 + i. What is the tens digit of w?
3
Suppose -3*c = p - 0*p - 816, 4*c + 12 = 0. What is the units digit of p?
5
Suppose 14*i - 3042 = 8*i. What is the units digit of i?
7
Suppose -1319 - 3425 = -8*k. What is the hundreds digit of k?
5
Let a = 33 - 68. What is the tens digit of (a/(-2))/((-5)/(-10))?
3
Let h(t) = -101*t + 8. Let m be h(-2). Suppose -3*x - 57 = 3*r - m, r + 214 = 4*x. What is the tens digit of x?
5
Let b(k) = -2*k**3 + 94*k**2 + 27*k + 110. What is the thousands digit of b(47)?
1
Suppose 5*t - 31 = -11. Suppose l = 4*l + 3*y - 537, -850 = -5*l + t*y. What is the hundreds digit of l?
1
Suppose 0 = -4*l - 85 - 139. Let q = -31 - l. What is the units digit of q?
5
Suppose 5*a = -5, -2*f + 4*a = -3*f - 4. Suppose -n - 14 + 6 = f. Let y(b) = -2*b - 4. What is the tens digit of y(n)?
1
What is the tens digit of 2/(2 + ((-102912)/6438)/8)?
7
What is the units digit of ((-15)/(-6))/((-14)/(-28))?
5
Suppose -2*k - 287 = -2*m + 663, -5*m + 2372 = -2*k. What is the hundreds dig